= 5*l, -t + 7 = -2*l + 5. Give s(t).
0
Let r = -458 - -463. Let c(n) = -4*n + 1. What is c(r)?
-19
Let z(g) = 2*g**3 + 4 - 3*g**3 - 2. Let b be z(0). Let p be b/(-2)*3 + 6. Let t(v) = 2*v - 1. Determine t(p).
5
Let g = 0 + 6. Let q(d) be the first derivative of 1/4*d**4 - 3*d + d**2 + 8 - 2*d**3. What is q(g)?
9
Let l(b) = b**3 - 9*b**2 + 8*b - 1. Let t(z) = -z**3 - 6*z**2 + 28*z + 17. Let f be t(-9). Calculate l(f).
-1
Let h(l) = -l**3 + 8*l**2 - 5*l + 11. Let a(n) = -n. Let k(y) = 4*a(y) - h(y). Give k(8).
-3
Let s be (-2*2/12)/(1/(-129)). Let x = -43 + s. Let m(d) = -5*d + 14 - d**3 - 18*d**2 + 5*d + 19*d**2. Give m(x).
14
Let y(w) = 147 - 4*w - 123 + 5*w. Calculate y(-27).
-3
Suppose 5*o - 2*n - 31 = 0, o + 2*n = -n + 13. Let v(b) = -2*b - 5 - b**2 + 5*b + 4*b. Give v(o).
-5
Let j = 103 + -105. Let n(h) = -3*h + 3*h + 3*h. What is n(j)?
-6
Let z be 448/168*(5/2 - 1). Let s(b) = -b**2 - b. Let u be s(0). Let x(y) = 4*y**2 - y + u*y - y**3 - 2 + 7. Give x(z).
1
Let u be 9 - (-3*10/6 - 2). Let r(b) = -b**3 + 17*b**2 - 17*b + 23. Determine r(u).
7
Let s(q) = -q**2 - 2*q. Suppose -6 = -4*y + l + l, 0 = 4*y + 2*l - 10. Let g be 0 - y - (-8 + 0). Let z be (3 + -6)*4/g. Give s(z).
0
Let g = 6 + -4. Let i(h) = 0*h**2 - 5 - 5*h - h**g + 2*h**2. Let y(o) = -o**2 + 4*o + 9. Let m be y(5). Calculate i(m).
-9
Suppose 26*h - 126 = 27*h. Let n = h + 135. Let v(f) = f**2 - 7*f + 6. Give v(n).
24
Let u = -2 + 2. Let z be 1*-1 + u/(-1). Let q(l) = -3630 + 1817 + 14*l + 1813. Give q(z).
-14
Let d(a) = 3 - 4*a**2 + a**3 + 2*a - 2*a**3 + 2*a**3. Suppose 0 = 2*u - 56 + 50. Let b be d(u). Let m(n) = -n**3 + n**2 - n - 8. Determine m(b).
-8
Suppose -27 = -w - 4*f, 5*w = 4*w - f + 39. Let p = 48 - w. Let h(g) = -g**2 + 3*g - 4. Determine h(p).
-14
Let a(g) = -g**3 + 4*g**2 + 2*g - 9. Suppose -26*b - 2 + 106 = 0. What is a(b)?
-1
Suppose 8 = 2*r, -5*y + y - 2*r = 28. Let h = -15 - y. Let p(d) = d + 8. Give p(h).
2
Let l(n) = 6*n - 1. Let p(j) = j**3 - 7*j**2 + 2*j - 6. Let w be p(7). Let m = -6 + w. What is l(m)?
11
Let v(i) = i**3 + i**2 - i + 2. Let z(j) = -4*j**3 + 2*j - 3. Let y(l) = 2*v(l) + z(l). Determine y(2).
-7
Let d(v) = -4*v**2 + v. Suppose -38 + 43 = -5*x. Calculate d(x).
-5
Let d(u) = 2*u - 4. Let o be d(4). Let n(j) = -o*j - 5*j**2 - 7 + 4*j**2 + 0. Let x be 20/4*(-7 - -6). What is n(x)?
-12
Let x(h) = h**2 + 6*h - 2. Suppose -2 = 4*t - 2*t. Let s be (-20)/t + 18/(-6). Suppose 3*k + s = 2. Calculate x(k).
-7
Let d be (-17)/(-4) + (-3)/12. Let x be (-13)/(-2) + 18/(-12). Let g be d - x - 2/(-2). Let i(z) = z + 7. Give i(g).
7
Let k(o) = -o**3 - 14*o**2 + o + 17. Let q(y) = 2*y**2 + 2*y - 14. Let j be q(0). Give k(j).
3
Let s(r) = -2*r**3 - 2*r**2 - 1. Let b(d) = -d**3 + d**2 + 4*d - 3. Let z be b(0). Calculate s(z).
35
Let b(d) = 6*d - 4. Suppose -14*q - 17*q + 155 = 0. Calculate b(q).
26
Suppose 9 + 6 = 5*h. Let s be h/(-12) + (-532)/(-16). Let b = 33 - s. Let y(i) = i**2 + i - 3. What is y(b)?
-3
Let k(v) = -1. Let n be 4 + 5/(-10)*10. Let d(g) = g**2 + 6*g + 1. Suppose 8 = 5*p - p. Let s(x) = n*d(x) + p*k(x). Give s(-4).
5
Let z(h) = h**2 - 6*h + 4. Let y(j) = j - 2. Let f = -112 + 119. Let v be y(f). Calculate z(v).
-1
Let r = -38 + 43. Let b(h) = 4*h - 6*h + 4*h - 5*h + 5. Calculate b(r).
-10
Suppose 737*a = 765*a - 84. Let h(u) be the second derivative of 0 - 1/2*u**a + 11*u + 1/2*u**2. Determine h(-1).
4
Let y be (-4)/1 - -4 - 1*-25. Let s = -27 + y. Let d(t) = -2*t - 1. Calculate d(s).
3
Let t(y) = 18*y - 1 - 18*y + 0 - 3*y**2. Let r = -32 + 31. What is t(r)?
-4
Suppose 12*z - 17*z + 2*r = 54, 5*z + 72 = -4*r. Let h(c) = -c**3 - 11*c**2 + 14*c + 17. Give h(z).
-7
Let v(q) = q**3 - q**2 + 15. Suppose 2*m = -j + 6*j - 69, -3*m - 84 = -j. Let r = 27 + m. Let p be r*(-3)/(-15)*-1. Determine v(p).
15
Let n(m) = m**3 + 7*m**2 + 7*m - 2. Let p be (-7 - -1) + (-11)/(-33)*3. Give n(p).
13
Suppose -2*n = -7*n - 125. Let k = 22 - 2. Let o = k + n. Let d(q) = -q**2 - 4*q. Calculate d(o).
-5
Suppose 11 - 9 = w. Let y(u) = -61 + 65 + w*u - 3*u. Calculate y(-5).
9
Let v(h) = -6*h - 3. Let n(m) = -1. Let y(a) = -5*n(a) + v(a). Determine y(2).
-10
Let n(o) = -4 + 3 + 60*o - 155*o + 92*o. Let j(i) be the second derivative of i**5/20 + i**4/4 - i**3/3 + 5*i**2/2 - 2*i. Let h be j(-4). Give n(h).
8
Suppose 4*o + 57 = 65. Suppose n + 4 = -0*t + 2*t, -o*n - 2 = -2*t. Let y(i) = -2*i + 3. Give y(t).
-3
Suppose 8*t = -7*t + 120. Let w(d) be the third derivative of d**5/60 - 3*d**4/8 - 5*d**2. Calculate w(t).
-8
Let k(s) = -s - 8. Let r = -14 + 19. Determine k(r).
-13
Suppose n - 20 = -3*u + 214, 2*u = -n + 232. Let a be ((-4)/(-6))/(-4 - n/(-54)). Let o(w) = w**2 - 5*w + 2. What is o(a)?
-4
Let p(k) = k**3 + k**2 + 2*k + 1. Let s be 6/(-5)*(-20)/6. Let r(c) = -2 + 6 + 7*c - s*c - 4*c. Let t be r(6). What is p(t)?
-7
Let v(x) be the second derivative of -x**4/12 - 3*x**2/2 + 7*x. Let m(s) = 1. Let b(d) = -3*m(d) - v(d). What is b(2)?
4
Suppose 15 = o + 4. Suppose 2*w = 7 + o. Let n(u) = -u**3 + 10*u**2 - 9*u - 4. Calculate n(w).
-4
Let t(g) = 15*g**2 - 2*g - 1. Let r(p) = 2*p + 27. Let v be r(-14). Calculate t(v).
16
Let z(p) = -p**2 + 5*p + 1. Suppose 0 = -20*k + 18*k - 2. Let o(f) = f**2 + f + 1. Let i(h) = k*z(h) - 2*o(h). Calculate i(-7).
-3
Let v be (-2)/(-7) - (-5)/((-210)/222). Let a(w) = -w**3 - 6*w**2 - 7*w - 3. Determine a(v).
7
Let g be (570/45)/(2/6). Suppose -4*m + g = 4*o - 6, 0 = 3*m + 4*o - 34. Suppose 5*c - y - 3 = 12, 2*y - m = 0. Let j(s) = s - 2. Give j(c).
2
Let l(q) be the first derivative of 5*q**2/2 + q - 2. Let t = -320 - -321. What is l(t)?
6
Let t(v) = -v - 10. Suppose -i + 5*u = 13, 61*u - 58*u + 9 = 3*i. Determine t(i).
-17
Let a(x) = x**3 - 24*x**2 - 3. Let t be a(24). Let y(i) = 0*i**2 - 1 - 2*i - i**2 + 0*i**2. Determine y(t).
-4
Let t(z) = -219*z**3 - 4*z + 75*z**3 + 71*z**3 - 6*z**2 - 4*z - 8 + 72*z**3. Give t(-5).
7
Let u(p) be the first derivative of -p**2/2 + 4*p + 37. Calculate u(6).
-2
Let x(r) = 2*r + 1. Let c(g) = 12*g - 57. Let f(n) = 3*n - 14. Let u(k) = -2*c(k) + 9*f(k). Let b be u(3). What is x(b)?
-5
Let y(n) = -16 + 16 + 0*n**2 + n - n**2. Let u(q) = 2*q**2 - 6*q + 4. Let o(x) = u(x) + y(x). Suppose k + 4*l + 19 = 4, 0 = 4*l + 20. What is o(k)?
4
Suppose m - s = 2*m + 6, -s = 2*m + 7. Let x(r) = 8*r**2 + 16*r**2 + 1 - 20*r**2. Determine x(m).
5
Let h(n) = 12*n - 20. Let l(u) = 15*u - 23. Let j(f) = 6*h(f) - 5*l(f). Give j(-3).
4
Let p(z) be the second derivative of -z**5/20 + 3*z**4/4 + 3*z**3/2 + 3*z**2 + 5*z. Let a = -67 + 77. Give p(a).
-4
Suppose 17 + 9 = 2*a. Let v(m) = 5*m + 4*m + a - 14 - 4*m. Calculate v(-1).
-6
Let h(z) = -4*z + 7*z + 2*z**3 - 6*z - z**3 - 8*z**2 + 7. Determine h(8).
-17
Let p(f) = -f**2 + 7*f + 1. Let z(q) = -2*q - 36. Let t be z(-20). Suppose 0*m - t*m - 2*i = -24, -2*m - 4*i = -12. Determine p(m).
7
Let o(n) = 2*n**2 + 2*n + 6. Let l(r) = 3*r**2 + 2*r + 6. Let w(p) = -3*l(p) + 4*o(p). Calculate w(5).
-9
Let h(l) = l**2 + 0*l**2 + 3 + 0*l**2 + 6*l. Let j = 5416 + -5421. Determine h(j).
-2
Let r be (50/10)/(5 - 4). Let j(o) = -o**3 + 4*o**2 + 4*o + 7. Calculate j(r).
2
Let c(y) be the third derivative of y**5/60 - y**4/4 - 11*y**3/6 + 93*y**2. What is c(9)?
16
Let w(g) = -2*g + 2. Let m be (-6)/4*8/(-3). Let r = -10 - m. Let d = r - -17. Give w(d).
-4
Suppose 0 = 3*d + 7*q - 46, -q + 28 = 4*d - 25. Let m(k) = k**2 - 14*k - 10. Calculate m(d).
-23
Let y be -4*3/(15/(-5)). Let v(f) = -y*f - 3*f + 3*f + 3*f - 1. Give v(6).
-7
Suppose y = 2 + 1. Let k = 6 - y. Let h = 8 - k. Let v(b) = -b**2 + 4*b + 3. Calculate v(h).
-2
Let c(p) be the second derivative of p**3 + p**2 - 13*p. Let q(g) = 5*g + 1. Let o(a) = -4*c(a) + 5*q(a). What is o(-7)?
-10
Let r = -273 + 291. Let w(k) = k**3 - 17*k**2 - 18*k + 6. Calculate w(r).
6
Let g(h) = -3. Let f(r) = r - 2. Suppose -3*l = -4*l + 12. Let b = -10 + l. Let q(w) = b*g(w) - 3*f(w). Determine q(2).
-6
Suppose v + 3 - 1 = 0. Let q be (-145)/(-15) + 2/6. Let l(d) = d + 0 - q*d + 7*d - 1. What is l(v)?
3
Let v(j) = -11*j - 2 + 28*j + 1 + 0 - 11*j. Calculate v(5).
29
Let k(l) = 5*l + 1. Let a be (3 + -6 - -4)*-1. Give k(a).
-4
Let u(f) = 4*f**3 - 7*f - 75*f**2 + 70*f**2 - 3*f**3 + 6. Determine u(6).
0
Let x(u) = -u. Let y(w) = 2*w - 5. Let t(o) = -3*x(o) - y(o).